1
451614 (base 10) to base 6
13402450
425746 (base 9) to base 16
3de84
What is -2110012001200 (base 3) in base 7?
-14034105
2535152 (base 10) to base 9
4683515
Convert -10635533 (base 7) to base 12.
-390318
Convert 3042415 (base 6) to base 3.
21101220202
9002ba (base 13) to base 2
1100101111111100110000
What is 208323 (base 10) in base 15?
41ad3
-121102121001121 (base 3) to base 10
-8731276
Convert 348441 (base 10) to base 11.
218875
What is -2543330 (base 9) in base 16?
-15294c
What is -43153 (base 15) in base 13?
-75bc1
-100211102100 (base 3) to base 8
-571723
Convert 1277a08 (base 13) to base 8.
26045437
What is 9b6c7 (base 15) in base 7?
4126033
What is 11147857 (base 9) in base 3?
101011121221221
-39797 (base 10) to base 12
-1b045
Convert -442b936 (base 12) to base 13.
-2902863
201022000 (base 4) to base 12
66714
-62084 (base 9) to base 7
-230146
What is -1545223 (base 6) in base 4?
-112123233
Convert -c280e (base 15) to base 2.
-10010110011010000000
What is 10253005 (base 6) in base 15?
5e9eb
What is -769152 (base 12) in base 15?
-272968
Convert 1000100101000001000 (base 2) to base 8.
1045010
Convert -a7309e (base 15) to base 6.
-442324235
Convert -1201303102 (base 4) to base 12.
-1739aa
Convert 42993 (base 13) to base 6.
2324503
What is 112233123 (base 4) in base 9?
151686
-19d04 (base 16) to base 4
-121310010
-41564434 (base 8) to base 7
-135102653
101000000100010111110010 (base 2) to base 5
10142104131
Convert 3100011 (base 8) to base 16.
c8009
20020222210222 (base 3) to base 14
6282c3
Convert -10110011100100100 (base 2) to base 11.
-63092
Convert 1159376 (base 11) to base 14.
3a7722
322131032 (base 5) to base 3
2120022202200
What is 34348363 (base 9) in base 5?
13232343234
Convert 1cb284 (base 14) to base 12.
417944
What is -2182256 (base 10) in base 13?
-5b539b
What is 120120111022 (base 3) in base 15?
60c5e
Convert -1b47 (base 15) to base 7.
-23152
What is -1111021 (base 4) in base 15?
-1934
132156 (base 7) to base 10
24786
What is -12213023 (base 7) in base 12?
-44a252
What is 6042217 (base 8) in base 14?
2d5851
Convert -40166246 (base 7) to base 5.
-1322440300
What is -bdc3 (base 16) in base 12?
-24143
22322403 (base 5) to base 14
52490
What is 101111000010100101 (base 2) in base 13?
69914
Convert -110122111 (base 4) to base 10.
-83605
What is -6ef4ed (base 16) in base 9?
-14612753
What is -6ee1d4 (base 15) in base 14?
-9c416a
Convert -256f3 (base 16) to base 5.
-14401311
Convert 2423054 (base 6) to base 15.
27c7a
Convert -20310132 (base 4) to base 15.
-aa86
Convert -781f7a (base 16) to base 4.
-132001331322
Convert 1130230323 (base 4) to base 9.
637766
1021012110 (base 4) to base 8
1110624
Convert 37797 (base 12) to base 2.
10010011010100011
What is 26000 (base 8) in base 2?
10110000000000
563813 (base 12) to base 4
11033223033
What is -5210179 (base 10) in base 7?
-62200012
1211033232 (base 4) to base 11
263632
What is -597962 (base 10) in base 7?
-5040221
Convert 1233450 (base 6) to base 8.
202546
42043004 (base 5) to base 12
148719
What is 210165 (base 7) in base 12?
18a93
What is -b81031 (base 16) in base 15?
-10d4249
Convert 208074 (base 12) to base 3.
221222202021
What is 3448984 (base 10) in base 7?
41213230
Convert bd1d83 (base 15) to base 3.
121222010220220
What is -44a409 (base 16) in base 9?
-8415627
-56510044 (base 7) to base 2
-10010101110101111111101
Convert 476284 (base 9) to base 16.
4600f
What is 2147aa (base 11) in base 7?
2626046
Convert 27395c (base 14) to base 5.
321322023
Convert 93b08 (base 14) to base 8.
1267454
What is -d193d (base 14) in base 13?
-148510
11a163 (base 11) to base 5
22023232
-1b0985 (base 12) to base 16
-74c75
257560 (base 13) to base 14
196869
What is -1973a (base 12) in base 8?
-110736
-13121032310 (base 4) to base 2
-111011001001110110100
Convert -3a43f9 (base 16) to base 3.
-21011222222112
Convert -d3c76 (base 16) to base 13.
-244aa8
-58167 (base 12) to base 15
-24d37
Convert -855533 (base 9) to base 14.
-d384d
What is -10001301030 (base 4) in base 7?
-11655123
What is -10110100100111011010011 (base 2) in base 3?
-102010200112201
Convert 102220012 (base 4) to base 6.
1345114
Convert -2120320312 (base 4) to base 16.
-98e36
1161454 (base 9) to base 8
2320256
What is -82014a (base 11) in base 14?
-2643b3
What is -1041213141 (base 5) in base 11?
-1323467
1220234203 (base 5) to base 3
12110022002121
150b325 (base 12) to base 16
40d80d
What is -7501158 (base 9) in base 15?
-544eb5
What is -796952 (base 12) in base 8?
-7315316
Convert 201322201 (base 4) to base 10.
138913
Convert -4c2d61 (base 14) to base 16.
-27fbf9
Convert -2217b6 (base 14) to base 15.
-17cb21
What is -111000111000101 (base 2) in base 5?
-1413000
Convert 2deae (base 15) to base 7.
1155524
aca08b (base 15) to base 10
8235131
e8e62 (base 15) to base 12
2b77a8
-1a15342 (base 11) to base 2
-1100111111000000000000
Convert -226407 (base 9) to base 5.
-13322200
Convert -11d3 (base 15) to base 16.
-ed6
-66936 (base 10) to base 7
-366102
70582 (base 14) to base 16
41eb6
-31830 (base 15) to base 5
-20011340
What is -1241123231 (base 5) in base 4?
-23230312310
Convert 175874 (base 9) to base 5.
11444321
-115204 (base 10) to base 2
-11100001000000100
What is -4a764 (base 12) in base 7?
-601234
-1110010101000011101010 (base 2) to base 9
-7054558
Convert c9c21 (base 13) to base 4.
1121000100
1c004 (base 16) to base 5
12132232
-111201012211 (base 3) to base 10
-269887
Convert 110002210 (base 3) to base 13.
4029
-3f1c6 (base 16) to base 10
-258502
What is -104311210 (base 5) in base 14?
-c0bb3
Convert -110101101001110 (base 2) to base 3.
-1101200102
Convert a09288 (base 11) to base 12.
663177
14332320 (base 5) to base 15
30175
What is 9948c8 (base 13) in base 11?
2045540
-3023462 (base 7) to base 9
-606428
What is -13532315 (base 6) in base 3?
-212112102102
-1090638 (base 10) to base 16
-10a44e
What is 1068072 (base 14) in base 16?
76bec4
-584482 (base 10) to base 16
-8eb22
Convert 145071 (base 10) to base 15.
2ceb6
11220003322 (base 4) to base 8
5500372
Convert 1000013320 (base 4) to base 8.
1000770
635551 (base 8) to base 10
211817
Convert -153a25 (base 12) to base 13.
-c7631
Convert -62c93 (base 13) to base 9.
-301035
What is 1221809 (base 13) in base 15?
763285
What is 2b165a (base 12) in base 4?
2301311212
What is 2230996 (base 10) in base 12?
8b7104
-1314600 (base 8) to base 3
-200122101201
-162220 (base 7) to base 16
-7d0b
Convert 21101202 (base 5) to base 3.
22220022001
163564 (base 10) to base 6
3301124
-110020210210222 (base 3) to base 5
-3131330132
3be3b (base 15) to base 13
69641
3454333 (base 6) to base 15
37d80
Convert 3688581 (base 10) to base 13.
9c1bc0
What is 259258 (base 14) in base 11?
803409
What is -1231220333 (base 5) in base 9?
-5560178
Convert 11fde5 (base 16) to base 13.
3238c9
207602 (base 9) to base 14
3310d
Convert -1002201121 (base 3) to base 11.
-15310
What is 13135260 (base 8) in base 7?
33626200
What is -100132213121 (base 4) in base 15?
-5a4da5
What is -12502405 (base 6) in base 7?
-3336143
Convert -82396 (base 11) to base 2.
-11101010111000010
Convert 1a5b (base 13) to base 16.
f7b
Convert 154525 (base 7) to base 8.
73360
What is 2554102 (base 6) in base 9?
232412
27535 (base 14) to base 5
11101232
What is 1010101110100111101 (base 2) in base 10?
351549
What is 10233214 (base 5) in base 10?
86684
-866dd (base 16) to base 9
-1028271
Convert -7376673 (base 8) to base 15.
-28c584
134223032 (base 5) to base 6
22523224
10100011001100010100011 (base 2) to base 12
195a743
What is 26560566 (base 7) in base 3?
11121120010020
-312480 (base 9) to base 8
-552332
53405300 (base 6) to base 4
11333301210
a3848 (base 15) to base 7
4255625
What is 1101100001010011010 (base 2) in base 5?
103134114
Convert -13226529 (base 10) to base 14.
-1a84241
-8309b (base 12) to base 13
-5cbc7
Convert -1050520 (base 8) to base 14.
-75196
Convert -12313572 (base 8) to base 10.
-2725754
-735894 (base 11) to base 15
-184506
Convert -10000000110011011001011 (base 2) to base 7.
-50606004
What is -1cb2a (base 15) in base 16?
-16dc8
Convert 1133102210 (base 4) to base 13.
108869
20102001 (base 5) to base 8
467612
-114727 (base 10) to base 5
-12132402
Convert 8ea9a (base 16) to base 12.
2421b6
112202102001 (base 3) to base 9
482361
-46104